14
81
-46 (base 9) to base 7
-60
Convert 11110 (base 2) to base 11.
28
What is -26 (base 14) in base 11?
-31
What is -230 (base 4) in base 8?
-54
Convert -123 (base 9) to base 15.
-6c
What is -2 (base 12) in base 9?
-2
Convert -19 (base 16) to base 15.
-1a
11110 (base 2) to base 4
132
What is -11 (base 6) in base 14?
-7
3e (base 15) to base 3
2012
Convert 0 (base 6) to base 16.
0
Convert -26 (base 15) to base 6.
-100
Convert 3 (base 8) to base 4.
3
What is 1124 (base 5) in base 11?
13a
What is 2 (base 3) in base 6?
2
-21 (base 7) to base 2
-1111
Convert -17 (base 12) to base 4.
-103
0 (base 2) to base 9
0
212 (base 3) to base 13
1a
-bb (base 13) to base 6
-414
What is -157 (base 12) in base 6?
-551
Convert b (base 12) to base 3.
102
-2 (base 3) to base 4
-2
-3 (base 11) to base 9
-3
Convert -1032 (base 5) to base 11.
-11a
Convert 8 (base 11) to base 16.
8
What is -1 (base 10) in base 9?
-1
What is b7 (base 15) in base 3?
20101
-7 (base 9) to base 7
-10
What is -5 (base 11) in base 16?
-5
34 (base 15) to base 12
41
What is 232 (base 5) in base 4?
1003
Convert -24 (base 5) to base 14.
-10
Convert -1 (base 10) to base 5.
-1
-1 (base 12) to base 7
-1
-13 (base 11) to base 10
-14
What is 11 (base 15) in base 13?
13
Convert -17 (base 10) to base 2.
-10001
What is 36 (base 9) in base 4?
201
What is 3 (base 14) in base 10?
3
What is -13 (base 10) in base 16?
-d
-2 (base 14) to base 13
-2
What is 73 (base 14) in base 10?
101
Convert -11010101 (base 2) to base 6.
-553
-13 (base 5) to base 14
-8
Convert 3 (base 12) to base 6.
3
Convert 2 (base 3) to base 13.
2
-b (base 14) to base 15
-b
1d6 (base 14) to base 8
600
0 (base 15) to base 16
0
Convert -17 (base 14) to base 2.
-10101
What is 33 (base 7) in base 13?
1b
Convert 31 (base 4) to base 8.
15
What is -1 (base 14) in base 2?
-1
0 (base 7) to base 9
0
What is -1 (base 9) in base 10?
-1
Convert 2 (base 8) to base 16.
2
Convert 4 (base 10) to base 9.
4
1110 (base 2) to base 3
112
What is -2 (base 16) in base 12?
-2
Convert 0 (base 12) to base 16.
0
Convert -1331 (base 6) to base 2.
-101010111
What is 21 (base 15) in base 9?
34
-21 (base 4) to base 10
-9
-99 (base 10) to base 13
-78
Convert -1 (base 8) to base 5.
-1
What is 7 (base 10) in base 13?
7
-3 (base 16) to base 14
-3
What is 1000001 (base 2) in base 10?
65
What is 0 (base 8) in base 6?
0
Convert 301 (base 6) to base 4.
1231
Convert -123 (base 4) to base 9.
-30
Convert -3 (base 12) to base 16.
-3
2220 (base 3) to base 5
303
-26 (base 10) to base 16
-1a
-4 (base 12) to base 9
-4
What is 16 (base 10) in base 6?
24
42 (base 5) to base 9
24
-3 (base 9) to base 2
-11
10010 (base 2) to base 6
30
Convert 0 (base 14) to base 11.
0
What is -2332 (base 4) in base 15?
-ca
-20 (base 3) to base 8
-6
Convert 101 (base 2) to base 11.
5
10 (base 4) to base 2
100
What is -3 (base 12) in base 7?
-3
What is -2 (base 7) in base 4?
-2
Convert -14 (base 16) to base 6.
-32
What is 10101 (base 3) in base 12?
77
What is 6 (base 14) in base 13?
6
Convert 5a (base 13) to base 16.
4b
-3 (base 9) to base 8
-3
Convert 1 (base 15) to base 5.
1
What is 101 (base 2) in base 4?
11
Convert -23 (base 6) to base 13.
-12
3 (base 15) to base 11
3
What is 3 (base 16) in base 12?
3
Convert 222 (base 3) to base 8.
32
-4 (base 11) to base 10
-4
What is -1 (base 11) in base 14?
-1
Convert 2 (base 12) to base 2.
10
18 (base 11) to base 12
17
Convert -10011100 (base 2) to base 4.
-2130
What is 2 (base 5) in base 2?
10
Convert 31 (base 5) to base 7.
22
Convert 336 (base 8) to base 2.
11011110
Convert -303 (base 4) to base 2.
-110011
-103 (base 4) to base 2
-10011
22 (base 15) to base 7
44
Convert -4 (base 12) to base 15.
-4
1 (base 5) to base 9
1
24 (base 9) to base 2
10110
Convert 1 (base 13) to base 9.
1
Convert -23 (base 16) to base 3.
-1022
-78 (base 12) to base 16
-5c
Convert -26 (base 11) to base 13.
-22
Convert 11 (base 3) to base 16.
4
Convert -1 (base 15) to base 9.
-1
What is -1212 (base 3) in base 8?
-62
8 (base 15) to base 11
8
221 (base 3) to base 15
1a
Convert -3 (base 8) to base 10.
-3
-25 (base 10) to base 16
-19
What is -50 (base 11) in base 15?
-3a
-2211 (base 4) to base 5
-1130
Convert -132 (base 4) to base 11.
-28
What is -102 (base 3) in base 13?
-b
203 (base 6) to base 14
55
21 (base 3) to base 4
13
What is 26 (base 10) in base 2?
11010
What is -10 (base 9) in base 13?
-9
What is -4 (base 16) in base 14?
-4
What is -1 (base 4) in base 13?
-1
What is -14 (base 8) in base 14?
-c
What is 5 (base 16) in base 11?
5
Convert -1 (base 13) to base 15.
-1
13 (base 5) to base 9
8
Convert 44 (base 9) to base 3.
1111
What is 23 (base 4) in base 6?
15
What is 7 (base 15) in base 9?
7
10 (base 10) to base 8
12
Convert 11100 (base 4) to base 3.
110110
What is 11 (base 9) in base 2?
1010
Convert 3 (base 13) to base 3.
10
-103 (base 4) to base 14
-15
What is -145 (base 9) in base 2?
-1111010
What is 3 (base 7) in base 9?
3
-1314 (base 5) to base 7
-416
Convert 89 (base 16) to base 9.
162
-52 (base 13) to base 12
-57
Convert 5 (base 15) to base 8.
5
What is 1 (base 13) in base 4?
1
-313 (base 6) to base 4
-1311
231 (base 7) to base 12
a0
What is 2 (base 3) in base 4?
2
Convert 20 (base 3) to base 9.
6
What is -10 (base 2) in base 3?
-2
Convert 321 (base 10) to base 4.
11001
-2 (base 13) to base 7
-2
What is -5 (base 12) in base 10?
-5
268 (base 12) to base 4
11300
What is 5 (base 16) in base 2?
101
Convert -9 (base 11) to base 15.
-9
4 (base 11) to base 3
11
Convert -40 (base 11) to base 8.
-54
What is 14 (base 9) in base 7?
16
-3 (base 15) to base 9
-3
Convert 5 (base 13) to base 7.
5
21 (base 5) to base 2
1011
What is 1 (base 13) in base 15?
1
3 (base 11) to base 6
3
Convert 4 (base 14) to base 10.
4
Convert 310 (base 4) to base 5.
202
-3 (base 6) to base 8
-3
What is 2 (base 14) in base 11?
2
-d (base 15) to base 9
-14
Convert 1 (base 5) to base 3.
1
Convert 1b (base 12) to base 15.
18
Convert 0 (base 4) to base 7.
0
Convert -7 (base 13) to base 7.
-10
-4 (base 10) to base 7
-4
-1 (base 2) to base 4
-1
What is -2 (base 11) in base 8?
-2
Convert -3 (base 7) to base 15.
-3
Convert 78 (base 14) to base 7.
211
What is -10000 (base 2) in base 7?
-22
What is -4 (base 6) in base 3?
-11
What is 7 (base 11) in base 10?
7
25 (base 9) to base 3
212
-4 (base 16) to base 4
-10
Convert 1 (base 5) to base 14.
1
Convert -1 (base 4) to base 15.
-1
Convert 1 (base 10) to base 8.
1
Convert -100 (base 2) to base 8.
-4
What is -3 (base 16) in base 14?
-3
Convert 8 (base 13) to base 2.
1000
Convert -2c (base 16) to base 13.
-35
Convert -4a (base 14) to base 13.
-51
Convert 3 (base 11) to base 14.
3
What is -10 (base 9) in base 4?
-21
21 (base 6) to base 2
1101
What is 3 (base 12) in base 8?
3
Convert 64 (base 8) to base 16.
34
10 (base 4) to base 16
4
Convert 3 (base 14) to base 2.
11
What is 2 (base 13) in base 15?
2
What is -11 (base 14) in base 12?
-13
-4 (base 11) to base 8
-4
Convert 19 (base 13) to base 15.
17
5 (base 13) to base 9
5
Convert a4 (base 13) to base 2.
10000110
10 (base 5) to base 8
5
What is 251 (base 6) in base 4?
1213
What is 0 (base 12) in base 2?
0
What is 29 (base 13) in base 15?
25
12 (base 4) to base 16
6
What is 1 (base 16) in base 11?
1
What is 201 (base 5) in base 9?
56
What is -2 (base 15) in base 10?
-2
Convert 173 (base 11) to base 15.
d6
-a4 (base 11) to base 10
-114
What is b (base 13) in base 5?
21
Convert -56 (base 8) to base 5.
-141
Convert -9 (base 10) to base 7.
-12
3 (base 15) to base 16
3
What is -1 (base 7) in base 5?
-1
What is 8 (base 11) in base 2?
1000
What is 4 (base 8) in base 15?
4
What is -77 (base 8) in base 10?
-63
Convert 10100 (base 3) to base 10.
90
What is -66 (base 8) in base 12?
-46
Convert -46 (base 7) to base 5.
-114
What is 12 (base 3) in base 5?
10
Convert -1 (base 4) to base 15.
-1
What is 4 (base 14) in base 15?
4
102 (base 4) to base 11
17
Convert 0 (base 13) to base 2.
0
2102 (base 3) to base 12
55
Convert -231 (base 6) to base 12.
-77
Convert -33 (base 9) to base 15.
-20
What is 32 (base 14) in base 11?
40
Convert 12 (base 6) to base 9.
8
Convert -a2 (base 11) to base 9.
-134
Convert -125 (base 6) to base 9.
-58
-3 (base 16) to base 8
-3
What is -12111 (base 3) in base 14?
-a8
3 (base 12) to base 6
3
What is -154 (base 7) in base 6?
-224
